{"id":164,"date":"2021-04-23T03:14:24","date_gmt":"2021-04-23T03:14:24","guid":{"rendered":"https:\/\/ucemtepic.edu.mx\/?page_id=164"},"modified":"2022-08-15T14:20:23","modified_gmt":"2022-08-15T14:20:23","slug":"fisioterapia-2","status":"publish","type":"page","link":"https:\/\/ucemtepic.edu.mx\/index.php\/fisioterapia-2\/","title":{"rendered":"Licenciatura en Fisioterapia y Geriatr\u00eda"},"content":{"rendered":"\t\t<div data-elementor-type=\"wp-page\" data-elementor-id=\"164\" class=\"elementor elementor-164\" data-elementor-settings=\"[]\">\n\t\t\t\t\t\t\t<div class=\"elementor-section-wrap\">\n\t\t\t\t\t\t\t<section class=\"elementor-section elementor-top-section elementor-element elementor-element-75e5c72 elementor-section-boxed elementor-section-height-default elementor-section-height-default\" data-id=\"75e5c72\" data-element_type=\"section\">\n\t\t\t\t\t\t<div class=\"elementor-container elementor-column-gap-default\">\n\t\t\t\t\t<div class=\"elementor-column elementor-col-100 elementor-top-column elementor-element elementor-element-d880df2\" data-id=\"d880df2\" data-element_type=\"column\">\n\t\t\t<div class=\"elementor-widget-wrap elementor-element-populated\">\n\t\t\t\t\t\t\t\t<div class=\"elementor-element elementor-element-269bd51 elementor-widget elementor-widget-heading\" data-id=\"269bd51\" data-element_type=\"widget\" data-widget_type=\"heading.default\">\n\t\t\t\t<div class=\"elementor-widget-container\">\n\t\t\t<h2 class=\"elementor-heading-title elementor-size-large\">Fisioterapia<\/h2>\t\t<\/div>\n\t\t\t\t<\/div>\n\t\t\t\t\t<\/div>\n\t\t<\/div>\n\t\t\t\t\t\t\t<\/div>\n\t\t<\/section>\n\t\t\t\t<section class=\"elementor-section elementor-top-section elementor-element elementor-element-0c2da3e elementor-section-boxed elementor-section-height-default elementor-section-height-default\" data-id=\"0c2da3e\" data-element_type=\"section\">\n\t\t\t\t\t\t<div class=\"elementor-container elementor-column-gap-default\">\n\t\t\t\t\t<div class=\"elementor-column elementor-col-100 elementor-top-column elementor-element elementor-element-165f307\" data-id=\"165f307\" data-element_type=\"column\">\n\t\t\t<div class=\"elementor-widget-wrap elementor-element-populated\">\n\t\t\t\t\t\t\t\t<div class=\"elementor-element elementor-element-e58f55f elementor-widget elementor-widget-text-editor\" data-id=\"e58f55f\" data-element_type=\"widget\" data-widget_type=\"text-editor.default\">\n\t\t\t\t<div class=\"elementor-widget-container\">\n\t\t\t\t\t\t\t<p>El profesional de fisioterapia act\u00faa en todos los niveles de atenci\u00f3n a la salud,<br \/>respeta los principios \u00e9ticos, morales y culturales del individuo y de la comunidad<br \/>con el objetivo de preservar, desarrollar y restaurar la integridad del movimiento<br \/>corporal y adaptar al paciente su condici\u00f3n f\u00edsica y al entorno.<br \/><br \/><em><strong>Duraci\u00f3n 4 a\u00f1os<\/strong><\/em><\/p>\t\t\t\t\t\t<\/div>\n\t\t\t\t<\/div>\n\t\t\t\t\t<\/div>\n\t\t<\/div>\n\t\t\t\t\t\t\t<\/div>\n\t\t<\/section>\n\t\t\t\t<section class=\"elementor-section elementor-top-section elementor-element elementor-element-29667bb elementor-section-boxed elementor-section-height-default elementor-section-height-default\" data-id=\"29667bb\" data-element_type=\"section\">\n\t\t\t\t\t\t<div class=\"elementor-container elementor-column-gap-default\">\n\t\t\t\t\t<div class=\"elementor-column elementor-col-100 elementor-top-column elementor-element elementor-element-be8b66e\" data-id=\"be8b66e\" data-element_type=\"column\">\n\t\t\t<div class=\"elementor-widget-wrap elementor-element-populated\">\n\t\t\t\t\t\t\t\t<section class=\"elementor-section elementor-inner-section elementor-element elementor-element-3093114 elementor-section-boxed elementor-section-height-default elementor-section-height-default\" data-id=\"3093114\" data-element_type=\"section\">\n\t\t\t\t\t\t<div class=\"elementor-container elementor-column-gap-default\">\n\t\t\t\t\t<div class=\"elementor-column elementor-col-50 elementor-inner-column elementor-element elementor-element-0404111\" data-id=\"0404111\" data-element_type=\"column\">\n\t\t\t<div class=\"elementor-widget-wrap elementor-element-populated\">\n\t\t\t\t\t\t\t\t<div class=\"elementor-element elementor-element-d189771 elementor-tabs-view-horizontal elementor-widget elementor-widget-tabs\" data-id=\"d189771\" data-element_type=\"widget\" data-widget_type=\"tabs.default\">\n\t\t\t\t<div class=\"elementor-widget-container\">\n\t\t\t\t\t<div class=\"elementor-tabs\">\n\t\t\t<div class=\"elementor-tabs-wrapper\" role=\"tablist\" >\n\t\t\t\t\t\t\t\t\t<div id=\"elementor-tab-title-2191\" class=\"elementor-tab-title elementor-tab-desktop-title\" aria-selected=\"true\" data-tab=\"1\" role=\"tab\" tabindex=\"0\" aria-controls=\"elementor-tab-content-2191\" aria-expanded=\"false\">Perfil de Ingreso<\/div>\n\t\t\t\t\t\t\t\t\t<div id=\"elementor-tab-title-2192\" class=\"elementor-tab-title elementor-tab-desktop-title\" aria-selected=\"false\" data-tab=\"2\" role=\"tab\" tabindex=\"-1\" aria-controls=\"elementor-tab-content-2192\" aria-expanded=\"false\">Programa de estudios<\/div>\n\t\t\t\t\t\t\t\t\t<div id=\"elementor-tab-title-2193\" class=\"elementor-tab-title elementor-tab-desktop-title\" aria-selected=\"false\" data-tab=\"3\" role=\"tab\" tabindex=\"-1\" aria-controls=\"elementor-tab-content-2193\" aria-expanded=\"false\">Perfil de Egreso<\/div>\n\t\t\t\t\t\t\t\t\t<div id=\"elementor-tab-title-2194\" class=\"elementor-tab-title elementor-tab-desktop-title\" aria-selected=\"false\" data-tab=\"4\" role=\"tab\" tabindex=\"-1\" aria-controls=\"elementor-tab-content-2194\" aria-expanded=\"false\">Campo Laboral<\/div>\n\t\t\t\t\t\t\t<\/div>\n\t\t\t<div class=\"elementor-tabs-content-wrapper\" role=\"tablist\" aria-orientation=\"vertical\">\n\t\t\t\t\t\t\t\t\t<div class=\"elementor-tab-title elementor-tab-mobile-title\" aria-selected=\"true\" data-tab=\"1\" role=\"tab\" tabindex=\"0\" aria-controls=\"elementor-tab-content-2191\" aria-expanded=\"false\">Perfil de Ingreso<\/div>\n\t\t\t\t\t<div id=\"elementor-tab-content-2191\" class=\"elementor-tab-content elementor-clearfix\" data-tab=\"1\" role=\"tabpanel\" aria-labelledby=\"elementor-tab-title-2191\" tabindex=\"0\" hidden=\"false\"><ul><li>Certificado original de Bachillerato \u00fanico o en Ciencias Qu\u00edmico-Biol\u00f3gicas<\/li><li>Constancia de buena conducta otorgada por la escuela preparatoria de procedencia<\/li><li>Constancia de haber cursado el Bachillerato en la escuela de procedencia\u00a0<\/li><li>Acta de nacimiento original reciente<\/li><li>Carta compromiso del Padre o Tutor mediante la cual se responsabiliza de la educaci\u00f3n del aspirante<\/li><li>CURP<\/li><li>Copia del INE\u00a0<\/li><li>Autenticidad del certificado de Bachillerato<\/li><\/ul><\/div>\n\t\t\t\t\t\t\t\t\t<div class=\"elementor-tab-title elementor-tab-mobile-title\" aria-selected=\"false\" data-tab=\"2\" role=\"tab\" tabindex=\"-1\" aria-controls=\"elementor-tab-content-2192\" aria-expanded=\"false\">Programa de estudios<\/div>\n\t\t\t\t\t<div id=\"elementor-tab-content-2192\" class=\"elementor-tab-content elementor-clearfix\" data-tab=\"2\" role=\"tabpanel\" aria-labelledby=\"elementor-tab-title-2192\" tabindex=\"0\" hidden=\"hidden\"><p><strong>PRIMER SEMESTRE<\/strong><\/p><ol><li>Fundamentos de Embriolog\u00eda<\/li><li>Estructura y Funci\u00f3n del Cuerpo Humano, Aspectos Morfol\u00f3gicos<\/li><li>Procesos Bioqu\u00edmicos y Funci\u00f3n Muscular<\/li><li>Bases Te\u00f3ricas y Fundamentos de Fisioterapia I<\/li><li>Metodolog\u00eda de la Investigaci\u00f3n<\/li><li>Ingles I<\/li><li>Discapacidad Y Sociedad<\/li><li>Psicolog\u00eda y Desarrollo Humano<\/li><li>Procesos Bioqu\u00edmicos y Funci\u00f3n<\/li><\/ol><p><strong>SEGUNDO SEMESTRE<\/strong><\/p><ol><li>Biolog\u00eda Molecular, Celular y Tisular<\/li><li>Estructura y Funci\u00f3n del Cuerpo Humano, Aspectos Fisiol\u00f3gicos<\/li><li>Bases Te\u00f3ricas y Fundamentos de Fisioterapia II<\/li><li>Biof\u00edsica Aplicada a la Fisioterapia<\/li><li>Valoraci\u00f3n de la Funci\u00f3n Articular y de la Postura<\/li><li>Aprendizaje Basado en Problemas<\/li><li>Ingles II<\/li><li>Cl\u00ednica Proped\u00e9utica<\/li><\/ol><p><strong>TERCER SEMESTRE<\/strong><\/p><ol><li>Investigaci\u00f3n<\/li><li>Ingles II<\/li><li>Estad\u00edstica<\/li><li>Imagenolog\u00eda<\/li><li>Kinesiolog\u00eda del Ejercicio<\/li><li>Medicamentos y su Relaci\u00f3n con el Ejercicio<\/li><li>Bio\u00e9tica<\/li><li>Semiolog\u00eda Cl\u00ednica I<\/li><\/ol><p><strong>CUARTO SEMESTRE<\/strong><\/p><ol><li>Asertividad de la Pr\u00e1ctica profesional del Fisioterapeuta<\/li><li>Ingles IV<\/li><li>Fisioterapia Comunitaria y Salud P\u00fablica<\/li><li>Educaci\u00f3n Som\u00e1tica I<\/li><li>Sistema Modulador del Movimiento<\/li><li>Valoraci\u00f3n de la Funci\u00f3n Muscular y de la Marcha<\/li><li>Herramientas de Internet para el Aprendizaje<\/li><li>Control Motor<\/li><li>Pr\u00e1ctica Cl\u00ednica B\u00e1sica I<\/li><\/ol><p><strong>QUINTO SEMESTRE<\/strong><\/p><ol><li>Educaci\u00f3n Som\u00e1tica II<\/li><li>Ingles V<\/li><li>Investigaci\u00f3n II<\/li><li>Ortesis y Pr\u00f3tesis<\/li><li>Semiolog\u00eda Cl\u00ednica II<\/li><li>Intervenci\u00f3n a trav\u00e9s del Ejercicio Terap\u00e9utico<\/li><li>Intervenci\u00f3n a trav\u00e9s de Agentes F\u00edsicos<\/li><li>Administraci\u00f3n de los Servicios de salud<\/li><li>Pr\u00e1ctica Cl\u00ednica B\u00e1sica II<\/li><\/ol><p><strong>SEXTO SEMESTRE<\/strong><\/p><ol><li>Fisioterapia Neurol\u00f3gica<\/li><li>Ingles VI<\/li><li>Fisioterapia en Ortopedia y Reumatolog\u00eda<\/li><li>Ergonom\u00eda<\/li><li>Fisioterapia en Geriatr\u00eda y Pediatr\u00eda<\/li><li>Fisioterapia en Cardio Respiratorio<\/li><li>Diagnostico Funcional y An\u00e1lisis de Casos<\/li><li>Pr\u00e1ctica Cl\u00ednica B\u00e1sica III<\/li><\/ol><p><strong>SEPTIMO SEMESTRE<\/strong><\/p><ol><li>Proceso de Envejecimiento<\/li><li>Padecimientos Degenerativos<\/li><li>Padecimientos Metab\u00f3licos y Vasculares<\/li><li>Educaci\u00f3n Som\u00e1tica III<\/li><li>Prevenci\u00f3n de Riesgos de Ca\u00edda<\/li><li>Bases de Terapia Manual<\/li><li>Pr\u00e1ctica Cl\u00ednica en Geriatr\u00eda<\/li><li>Ingles VII<\/li><\/ol><p><strong>OCTAVO SEMESTRE<\/strong><\/p><ol><li>Manejo de la Incontinencia y Salud Sexual<\/li><li>Padecimientos Cognitivos<\/li><li>Integraci\u00f3n de los Elementos para el Diagnostico Funcional<\/li><li>Paciente Terminal<\/li><li>Perspectivas del Tratamiento de Neurodesarrollo<\/li><li>Conciencia Corporal<\/li><li>Pr\u00e1ctica Cl\u00ednica en Neurolog\u00eda de Adultos<\/li><li>Ingles VIII<\/li><li>Seminario de Tesis<\/li><\/ol><\/div>\n\t\t\t\t\t\t\t\t\t<div class=\"elementor-tab-title elementor-tab-mobile-title\" aria-selected=\"false\" data-tab=\"3\" role=\"tab\" tabindex=\"-1\" aria-controls=\"elementor-tab-content-2193\" aria-expanded=\"false\">Perfil de Egreso<\/div>\n\t\t\t\t\t<div id=\"elementor-tab-content-2193\" class=\"elementor-tab-content elementor-clearfix\" data-tab=\"3\" role=\"tabpanel\" aria-labelledby=\"elementor-tab-title-2193\" tabindex=\"0\" hidden=\"hidden\">Lorem ipsum dolor sit amet, consectetur adipiscing elit. Ut elit tellus, luctus nec ullamcorper mattis, pulvinar dapibus leo.<\/div>\n\t\t\t\t\t\t\t\t\t<div class=\"elementor-tab-title elementor-tab-mobile-title\" aria-selected=\"false\" data-tab=\"4\" role=\"tab\" tabindex=\"-1\" aria-controls=\"elementor-tab-content-2194\" aria-expanded=\"false\">Campo Laboral<\/div>\n\t\t\t\t\t<div id=\"elementor-tab-content-2194\" class=\"elementor-tab-content elementor-clearfix\" data-tab=\"4\" role=\"tabpanel\" aria-labelledby=\"elementor-tab-title-2194\" tabindex=\"0\" hidden=\"hidden\">Contenido de la pesta\u00f1a<\/div>\n\t\t\t\t\t\t\t<\/div>\n\t\t<\/div>\n\t\t\t\t<\/div>\n\t\t\t\t<\/div>\n\t\t\t\t\t<\/div>\n\t\t<\/div>\n\t\t\t\t<div class=\"elementor-column elementor-col-50 elementor-inner-column elementor-element elementor-element-18d83a5\" data-id=\"18d83a5\" data-element_type=\"column\">\n\t\t\t<div class=\"elementor-widget-wrap elementor-element-populated\">\n\t\t\t\t\t\t\t\t<div class=\"elementor-element elementor-element-40322ab elementor-widget elementor-widget-image\" data-id=\"40322ab\" data-element_type=\"widget\" data-widget_type=\"image.default\">\n\t\t\t\t<div class=\"elementor-widget-container\">\n\t\t\t\t\t\t\t\t\t\t\t\t\t\t\t<img loading=\"lazy\" decoding=\"async\" width=\"847\" height=\"847\" src=\"https:\/\/ucemtepic.edu.mx\/wp-content\/uploads\/2021\/05\/Programas-acade\u0301micos-04-1024x1024.jpg\" class=\"attachment-large size-large\" alt=\"\" srcset=\"https:\/\/ucemtepic.edu.mx\/wp-content\/uploads\/2021\/05\/Programas-acade\u0301micos-04-1024x1024.jpg 1024w, https:\/\/ucemtepic.edu.mx\/wp-content\/uploads\/2021\/05\/Programas-acade\u0301micos-04-300x300.jpg 300w, https:\/\/ucemtepic.edu.mx\/wp-content\/uploads\/2021\/05\/Programas-acade\u0301micos-04-150x150.jpg 150w, https:\/\/ucemtepic.edu.mx\/wp-content\/uploads\/2021\/05\/Programas-acade\u0301micos-04-768x768.jpg 768w, https:\/\/ucemtepic.edu.mx\/wp-content\/uploads\/2021\/05\/Programas-acade\u0301micos-04-270x270.jpg 270w, https:\/\/ucemtepic.edu.mx\/wp-content\/uploads\/2021\/05\/Programas-acade\u0301micos-04.jpg 1204w\" sizes=\"auto, (max-width: 847px) 100vw, 847px\" \/>\t\t\t\t\t\t\t\t\t\t\t\t\t\t\t<\/div>\n\t\t\t\t<\/div>\n\t\t\t\t\t<\/div>\n\t\t<\/div>\n\t\t\t\t\t\t\t<\/div>\n\t\t<\/section>\n\t\t\t\t\t<\/div>\n\t\t<\/div>\n\t\t\t\t\t\t\t<\/div>\n\t\t<\/section>\n\t\t\t\t<section class=\"elementor-section elementor-top-section elementor-element elementor-element-99659da elementor-section-boxed elementor-section-height-default elementor-section-height-default\" data-id=\"99659da\" data-element_type=\"section\">\n\t\t\t\t\t\t<div class=\"elementor-container elementor-column-gap-default\">\n\t\t\t\t\t<div class=\"elementor-column elementor-col-100 elementor-top-column elementor-element elementor-element-82b1653\" data-id=\"82b1653\" data-element_type=\"column\">\n\t\t\t<div class=\"elementor-widget-wrap elementor-element-populated\">\n\t\t\t\t\t\t\t\t<div class=\"elementor-element elementor-element-9c36150 elementor-widget elementor-widget-spacer\" data-id=\"9c36150\" data-element_type=\"widget\" data-widget_type=\"spacer.default\">\n\t\t\t\t<div class=\"elementor-widget-container\">\n\t\t\t\t\t<div class=\"elementor-spacer\">\n\t\t\t<div class=\"elementor-spacer-inner\"><\/div>\n\t\t<\/div>\n\t\t\t\t<\/div>\n\t\t\t\t<\/div>\n\t\t\t\t\t<\/div>\n\t\t<\/div>\n\t\t\t\t\t\t\t<\/div>\n\t\t<\/section>\n\t\t\t\t<section class=\"elementor-section elementor-top-section elementor-element elementor-element-e91a6be elementor-section-boxed elementor-section-height-default elementor-section-height-default\" data-id=\"e91a6be\" data-element_type=\"section\">\n\t\t\t\t\t\t<div class=\"elementor-container elementor-column-gap-default\">\n\t\t\t\t\t<div class=\"elementor-column elementor-col-100 elementor-top-column elementor-element elementor-element-0a286ef\" data-id=\"0a286ef\" data-element_type=\"column\">\n\t\t\t<div class=\"elementor-widget-wrap elementor-element-populated\">\n\t\t\t\t\t\t\t\t<div class=\"elementor-element elementor-element-1bae25f elementor-align-justify elementor-widget elementor-widget-button\" data-id=\"1bae25f\" data-element_type=\"widget\" data-widget_type=\"button.default\">\n\t\t\t\t<div class=\"elementor-widget-container\">\n\t\t\t\t\t<div class=\"elementor-button-wrapper\">\n\t\t\t<a href=\"#\" class=\"elementor-button-link elementor-button elementor-size-sm\" role=\"button\">\n\t\t\t\t\t\t<span class=\"elementor-button-content-wrapper\">\n\t\t\t\t\t\t<span class=\"elementor-button-text\">\u00bfTe interesa estudiar esta licenciatura en la UCEM?<\/span>\n\t\t<\/span>\n\t\t\t\t\t<\/a>\n\t\t<\/div>\n\t\t\t\t<\/div>\n\t\t\t\t<\/div>\n\t\t\t\t\t<\/div>\n\t\t<\/div>\n\t\t\t\t\t\t\t<\/div>\n\t\t<\/section>\n\t\t\t\t\t\t<\/div>\n\t\t\t\t\t<\/div>\n\t\t","protected":false},"excerpt":{"rendered":"<p>Fisioterapia El profesional de fisioterapia act\u00faa en todos los niveles de atenci\u00f3n a la salud,respeta los principios \u00e9ticos, morales y culturales del individuo y de la comunidadcon el objetivo de preservar, desarrollar y restaurar la integridad del movimientocorporal y adaptar <a href=\"https:\/\/ucemtepic.edu.mx\/index.php\/fisioterapia-2\/\" class=\"read-more\">Leer m\u00e1s&#8230;<\/a><\/p>\n","protected":false},"author":1,"featured_media":0,"parent":0,"menu_order":0,"comment_status":"closed","ping_status":"closed","template":"","meta":{"footnotes":""},"class_list":["post-164","page","type-page","status-publish","hentry"],"_links":{"self":[{"href":"https:\/\/ucemtepic.edu.mx\/index.php\/wp-json\/wp\/v2\/pages\/164","targetHints":{"allow":["GET"]}}],"collection":[{"href":"https:\/\/ucemtepic.edu.mx\/index.php\/wp-json\/wp\/v2\/pages"}],"about":[{"href":"https:\/\/ucemtepic.edu.mx\/index.php\/wp-json\/wp\/v2\/types\/page"}],"author":[{"embeddable":true,"href":"https:\/\/ucemtepic.edu.mx\/index.php\/wp-json\/wp\/v2\/users\/1"}],"replies":[{"embeddable":true,"href":"https:\/\/ucemtepic.edu.mx\/index.php\/wp-json\/wp\/v2\/comments?post=164"}],"version-history":[{"count":24,"href":"https:\/\/ucemtepic.edu.mx\/index.php\/wp-json\/wp\/v2\/pages\/164\/revisions"}],"predecessor-version":[{"id":1558,"href":"https:\/\/ucemtepic.edu.mx\/index.php\/wp-json\/wp\/v2\/pages\/164\/revisions\/1558"}],"wp:attachment":[{"href":"https:\/\/ucemtepic.edu.mx\/index.php\/wp-json\/wp\/v2\/media?parent=164"}],"curies":[{"name":"wp","href":"https:\/\/api.w.org\/{rel}","templated":true}]}}