{"id":1668,"date":"2025-07-19T22:15:17","date_gmt":"2025-07-19T22:15:17","guid":{"rendered":"https:\/\/ucemtepic.edu.mx\/?page_id=1668"},"modified":"2025-07-19T22:17:49","modified_gmt":"2025-07-19T22:17:49","slug":"aviso-de-privacidad","status":"publish","type":"page","link":"https:\/\/ucemtepic.edu.mx\/index.php\/aviso-de-privacidad\/","title":{"rendered":"Aviso De Privacidad"},"content":{"rendered":"\n<p><strong>T\u00c9RMINOS Y CONDICIONES DE USO<\/strong><\/p>\n\n\n\n<p>Este contrato describe los t\u00e9rminos y condiciones generales aplicables a los mecanismos de pago de los servicios educativos ofrecidos por la UNIVERSIDAD DE CIENCIAS DE LA ENFERMERIA DE M\u00c9XICO en cualquiera de sus modalidades: escolarizada, mixta o a distancia.<\/p>\n\n\n\n<p><strong>INFORMACI\u00d3N RELEVANTE<\/strong><\/p>\n\n\n\n<p>Es requisito necesario para el uso de los mecanismos de pago que se ofrecen en la plataforma COGNO ESCOLAR, que lea y acepte los siguientes T\u00e9rminos y Condiciones que a continuaci\u00f3n se redactan. El uso de nuestros mecanismos de pago implicar\u00e1 que usted ha le\u00eddo y aceptado los T\u00e9rminos y Condiciones de Uso en el presente documento.<br><br>Para el uso de los mecanismos de pago, debe contar con una clave de usuario y contrase\u00f1a otorgada por la UNIVERSIDAD DE CIENCIAS DE LA ENFERMERIA DE M\u00c9XICO, misma que es entregada \u00fanicamente a alumnos inscritos. Una vez dentro de su portal personal, el usuario puede elegir y cambiar la clave para su acceso de administraci\u00f3n de la cuenta en cualquier momento, la UNIVERSIDAD DE CIENCIAS DE LA ENFERMERIA DE M\u00c9XICO y COGNO ESCOLAR no asumen la responsabilidad en caso de que entregue dicha clave a terceros.<br><br>Todos los pagos de servicios que se lleven a cabo por medio de este sitio web, est\u00e1n sujetas a un proceso de confirmaci\u00f3n y verificaci\u00f3n, el cual podr\u00eda incluir la validaci\u00f3n de la forma de pago y el cumplimiento de las condiciones requeridas por el medio de pago seleccionado. En algunos casos puede que se requiera una verificaci\u00f3n por medio de correo electr\u00f3nico. Los montos y cuotas mostrados en esta plataforma son establecidas por la UNIVERSIDAD DE CIENCIAS DE LA ENFERMERIA DE M\u00c9XICO y son v\u00e1lidos solamente para los pagos realizados en este sitio web.<\/p>\n\n\n\n<p><strong>COMPROBACI\u00d3N ANTIFRAUDE<\/strong><\/p>\n\n\n\n<p>El pago realizado por el usuario puede ser aplazado para la comprobaci\u00f3n antifraude. Tambi\u00e9n puede ser suspendida por m\u00e1s tiempo para una investigaci\u00f3n m\u00e1s rigurosa, para evitar transacciones fraudulentas.<\/p>\n\n\n\n<p><strong>AVISO DE PRIVACIDAD<\/strong><\/p>\n\n\n\n<p>La UNIVERSIDAD DE CIENCIAS DE LA ENFERMERIA DE M\u00c9XICO garantiza que la informaci\u00f3n personal que usted env\u00eda cuenta con la seguridad necesaria. Los datos ingresados por el usuario no ser\u00e1n entregados a terceros, salvo que deba ser revelada en cumplimiento a una orden judicial o requerimientos legales. La UNIVERSIDAD DE CIENCIAS DE LA ENFERMERIA DE M\u00c9XICO no env\u00eda boletines de correos electr\u00f3nicos publicitarios desde la plataforma COGNO ESCOLAR.<br><br>La UNIVERSIDAD DE CIENCIAS DE LA ENFERMERIA DE M\u00c9XICO se reserva los derechos de cambiar o de modificar estos t\u00e9rminos sin previo aviso.<\/p>\n\n\n\n<p><strong>OPENPAY<\/strong><\/p>\n\n\n\n<p>Los pagos ser\u00e1n procesados a trav\u00e9s de OPENPAY.<\/p>\n","protected":false},"excerpt":{"rendered":"<p>T\u00c9RMINOS Y CONDICIONES DE USO Este contrato describe los t\u00e9rminos y condiciones generales aplicables a los mecanismos de pago de los servicios educativos ofrecidos por la UNIVERSIDAD DE CIENCIAS DE LA ENFERMERIA DE M\u00c9XICO en cualquiera de sus modalidades: escolarizada, <a href=\"https:\/\/ucemtepic.edu.mx\/index.php\/aviso-de-privacidad\/\" class=\"read-more\">Leer m\u00e1s&#8230;<\/a><\/p>\n","protected":false},"author":1,"featured_media":0,"parent":0,"menu_order":0,"comment_status":"closed","ping_status":"closed","template":"","meta":{"footnotes":""},"class_list":["post-1668","page","type-page","status-publish","hentry"],"_links":{"self":[{"href":"https:\/\/ucemtepic.edu.mx\/index.php\/wp-json\/wp\/v2\/pages\/1668","targetHints":{"allow":["GET"]}}],"collection":[{"href":"https:\/\/ucemtepic.edu.mx\/index.php\/wp-json\/wp\/v2\/pages"}],"about":[{"href":"https:\/\/ucemtepic.edu.mx\/index.php\/wp-json\/wp\/v2\/types\/page"}],"author":[{"embeddable":true,"href":"https:\/\/ucemtepic.edu.mx\/index.php\/wp-json\/wp\/v2\/users\/1"}],"replies":[{"embeddable":true,"href":"https:\/\/ucemtepic.edu.mx\/index.php\/wp-json\/wp\/v2\/comments?post=1668"}],"version-history":[{"count":2,"href":"https:\/\/ucemtepic.edu.mx\/index.php\/wp-json\/wp\/v2\/pages\/1668\/revisions"}],"predecessor-version":[{"id":1675,"href":"https:\/\/ucemtepic.edu.mx\/index.php\/wp-json\/wp\/v2\/pages\/1668\/revisions\/1675"}],"wp:attachment":[{"href":"https:\/\/ucemtepic.edu.mx\/index.php\/wp-json\/wp\/v2\/media?parent=1668"}],"curies":[{"name":"wp","href":"https:\/\/api.w.org\/{rel}","templated":true}]}}