{"id":462,"date":"2021-04-28T01:42:35","date_gmt":"2021-04-28T01:42:35","guid":{"rendered":"https:\/\/ucemtepic.edu.mx\/?page_id=462"},"modified":"2022-08-13T19:23:54","modified_gmt":"2022-08-13T19:23:54","slug":"enfermeria-general-3","status":"publish","type":"page","link":"https:\/\/ucemtepic.edu.mx\/index.php\/enfermeria-general-3\/","title":{"rendered":"T\u00e9cnico en Enfermer\u00eda General"},"content":{"rendered":"\t\t<div data-elementor-type=\"wp-page\" data-elementor-id=\"462\" class=\"elementor elementor-462\" data-elementor-settings=\"[]\">\n\t\t\t\t\t\t\t<div class=\"elementor-section-wrap\">\n\t\t\t\t\t\t\t<section class=\"elementor-section elementor-top-section elementor-element elementor-element-ad66bbd elementor-section-boxed elementor-section-height-default elementor-section-height-default\" data-id=\"ad66bbd\" data-element_type=\"section\">\n\t\t\t\t\t\t<div class=\"elementor-container elementor-column-gap-default\">\n\t\t\t\t\t<div class=\"elementor-column elementor-col-100 elementor-top-column elementor-element elementor-element-8214680\" data-id=\"8214680\" data-element_type=\"column\">\n\t\t\t<div class=\"elementor-widget-wrap elementor-element-populated\">\n\t\t\t\t\t\t\t\t<div class=\"elementor-element elementor-element-7f2354a elementor-widget elementor-widget-heading\" data-id=\"7f2354a\" data-element_type=\"widget\" data-widget_type=\"heading.default\">\n\t\t\t\t<div class=\"elementor-widget-container\">\n\t\t\t<h2 class=\"elementor-heading-title elementor-size-large\">Enfermer\u00eda General<\/h2>\t\t<\/div>\n\t\t\t\t<\/div>\n\t\t\t\t\t<\/div>\n\t\t<\/div>\n\t\t\t\t\t\t\t<\/div>\n\t\t<\/section>\n\t\t\t\t<section class=\"elementor-section elementor-top-section elementor-element elementor-element-f0bfea1 elementor-section-boxed elementor-section-height-default elementor-section-height-default\" data-id=\"f0bfea1\" data-element_type=\"section\">\n\t\t\t\t\t\t<div class=\"elementor-container elementor-column-gap-default\">\n\t\t\t\t\t<div class=\"elementor-column elementor-col-100 elementor-top-column elementor-element elementor-element-d81b6ea\" data-id=\"d81b6ea\" data-element_type=\"column\">\n\t\t\t<div class=\"elementor-widget-wrap elementor-element-populated\">\n\t\t\t\t\t\t\t\t<div class=\"elementor-element elementor-element-48a476c elementor-widget elementor-widget-text-editor\" data-id=\"48a476c\" data-element_type=\"widget\" data-widget_type=\"text-editor.default\">\n\t\t\t\t<div class=\"elementor-widget-container\">\n\t\t\t\t\t\t\t<p>El T\u00e9cnico en Enfermer\u00eda es un t\u00e9cnico de nivel medio-superior capacitado<br \/>para integrarse a equipos de salud, colaborando con los profesionales del<br \/>\u00e1rea en la ejecuci\u00f3n de procedimientos b\u00e1sicos de enfermer\u00eda y en la atenci\u00f3n<br \/>humanitaria del individuo, la familia y la comunidad.<br \/><br \/><strong>Duraci\u00f3n 3 a\u00f1os<\/strong><\/p>\t\t\t\t\t\t<\/div>\n\t\t\t\t<\/div>\n\t\t\t\t\t<\/div>\n\t\t<\/div>\n\t\t\t\t\t\t\t<\/div>\n\t\t<\/section>\n\t\t\t\t<section class=\"elementor-section elementor-top-section elementor-element elementor-element-475ae7a elementor-section-boxed elementor-section-height-default elementor-section-height-default\" data-id=\"475ae7a\" data-element_type=\"section\">\n\t\t\t\t\t\t<div class=\"elementor-container elementor-column-gap-default\">\n\t\t\t\t\t<div class=\"elementor-column elementor-col-100 elementor-top-column elementor-element elementor-element-d1c83bb\" data-id=\"d1c83bb\" data-element_type=\"column\">\n\t\t\t<div class=\"elementor-widget-wrap elementor-element-populated\">\n\t\t\t\t\t\t\t\t<section class=\"elementor-section elementor-inner-section elementor-element elementor-element-11d5510 elementor-section-boxed elementor-section-height-default elementor-section-height-default\" data-id=\"11d5510\" data-element_type=\"section\">\n\t\t\t\t\t\t<div class=\"elementor-container elementor-column-gap-default\">\n\t\t\t\t\t<div class=\"elementor-column elementor-col-50 elementor-inner-column elementor-element elementor-element-203265c\" data-id=\"203265c\" data-element_type=\"column\">\n\t\t\t<div class=\"elementor-widget-wrap elementor-element-populated\">\n\t\t\t\t\t\t\t\t<div class=\"elementor-element elementor-element-e228bcb elementor-tabs-view-horizontal elementor-widget elementor-widget-tabs\" data-id=\"e228bcb\" data-element_type=\"widget\" data-widget_type=\"tabs.default\">\n\t\t\t\t<div class=\"elementor-widget-container\">\n\t\t\t\t\t<div class=\"elementor-tabs\">\n\t\t\t<div class=\"elementor-tabs-wrapper\" role=\"tablist\" >\n\t\t\t\t\t\t\t\t\t<div id=\"elementor-tab-title-2371\" class=\"elementor-tab-title elementor-tab-desktop-title\" aria-selected=\"true\" data-tab=\"1\" role=\"tab\" tabindex=\"0\" aria-controls=\"elementor-tab-content-2371\" aria-expanded=\"false\">Perfil de Ingreso<\/div>\n\t\t\t\t\t\t\t\t\t<div id=\"elementor-tab-title-2372\" class=\"elementor-tab-title elementor-tab-desktop-title\" aria-selected=\"false\" data-tab=\"2\" role=\"tab\" tabindex=\"-1\" aria-controls=\"elementor-tab-content-2372\" aria-expanded=\"false\">Programa de estudios<\/div>\n\t\t\t\t\t\t\t\t\t<div id=\"elementor-tab-title-2373\" class=\"elementor-tab-title elementor-tab-desktop-title\" aria-selected=\"false\" data-tab=\"3\" role=\"tab\" tabindex=\"-1\" aria-controls=\"elementor-tab-content-2373\" aria-expanded=\"false\">Perfil de Egreso<\/div>\n\t\t\t\t\t\t\t\t\t<div id=\"elementor-tab-title-2374\" class=\"elementor-tab-title elementor-tab-desktop-title\" aria-selected=\"false\" data-tab=\"4\" role=\"tab\" tabindex=\"-1\" aria-controls=\"elementor-tab-content-2374\" aria-expanded=\"false\">Campo laboral<\/div>\n\t\t\t\t\t\t\t<\/div>\n\t\t\t<div class=\"elementor-tabs-content-wrapper\" role=\"tablist\" aria-orientation=\"vertical\">\n\t\t\t\t\t\t\t\t\t<div class=\"elementor-tab-title elementor-tab-mobile-title\" aria-selected=\"true\" data-tab=\"1\" role=\"tab\" tabindex=\"0\" aria-controls=\"elementor-tab-content-2371\" aria-expanded=\"false\">Perfil de Ingreso<\/div>\n\t\t\t\t\t<div id=\"elementor-tab-content-2371\" class=\"elementor-tab-content elementor-clearfix\" data-tab=\"1\" role=\"tabpanel\" aria-labelledby=\"elementor-tab-title-2371\" tabindex=\"0\" hidden=\"false\"><ul>\n<li>Certificado de secundaria&nbsp;<\/li><li>Constancia de ciclos&nbsp;<\/li><li>Acta de nacimiento reciente<\/li><li>CURP<\/li><li>INE seg\u00fan edad<\/li><li>Constancia de buena conducta expedida por la secundaria de procedencia&nbsp;<\/li><li>Constancia de haber cursado la educaci\u00f3n secundaria en la escuela de procedencia&nbsp;<\/li>\n<\/ul><\/div>\n\t\t\t\t\t\t\t\t\t<div class=\"elementor-tab-title elementor-tab-mobile-title\" aria-selected=\"false\" data-tab=\"2\" role=\"tab\" tabindex=\"-1\" aria-controls=\"elementor-tab-content-2372\" aria-expanded=\"false\">Programa de estudios<\/div>\n\t\t\t\t\t<div id=\"elementor-tab-content-2372\" class=\"elementor-tab-content elementor-clearfix\" data-tab=\"2\" role=\"tabpanel\" aria-labelledby=\"elementor-tab-title-2372\" tabindex=\"0\" hidden=\"hidden\"><p><strong>PRIMER SEMESTRE<\/strong><\/p><ol><li>Enfermer\u00eda Comunitaria I<\/li><li>Taller de Lectura y Redacci\u00f3n<\/li><li>Fundamentos de Enfermer\u00eda<\/li><li>Anatom\u00eda y Fisiolog\u00eda<\/li><li>Microbiolog\u00eda y Parasitolog\u00eda<\/li><li>Bioqu\u00edmica<\/li><li>Antropolog\u00eda Social<\/li><li>Metodolog\u00eda de la Investigaci\u00f3n I<\/li><\/ol><p><strong>SEGUNDO SEMESTRE<\/strong><\/p><ol><li>Enfermer\u00eda Comunitaria II<\/li><li>Psicolog\u00eda General<\/li><li>Fundamentos de Enfermer\u00eda II<\/li><li>Bio\u00e9tica<\/li><li>Terminolog\u00eda M\u00e9dica<\/li><li>Did\u00e1ctica General<\/li><li>Pr\u00e1cticas Comunitarias I<\/li><li>Metodolog\u00eda de la Investigaci\u00f3n II<\/li><\/ol><p><strong>TERCER SEMESTRE<\/strong><\/p><ol><li>Enfermer\u00eda Materno Infantil<\/li><li>Psicolog\u00eda Evolutiva<\/li><li>Nutrici\u00f3n y Diet\u00e9tica<\/li><li>Enfermer\u00eda Obstetricia y Ginecolog\u00eda<\/li><li>Educaci\u00f3n Sexual y Planificaci\u00f3n familiar<\/li><li>Farmacolog\u00eda I<\/li><li>Pr\u00e1cticas Cl\u00ednicas II<\/li><li>Enfermer\u00eda M\u00e9dico Quir\u00fargica<\/li><\/ol><p><strong>CUARTO SEMESTRE<\/strong><\/p><ol><li>Enfermer\u00eda Pedi\u00e1trica<\/li><li>Patolog\u00eda M\u00e9dico Quir\u00fargica<\/li><li>Nutrici\u00f3n Comunitaria<\/li><li>Farmacolog\u00eda II<\/li><li>Pr\u00e1cticas Cl\u00ednicas III<\/li><li>Enfermer\u00eda M\u00e9dico Quir\u00fargica II<\/li><\/ol><p><strong>QUINTO SEMESTRE<\/strong><\/p><ol><li>Enfermer\u00eda Geri\u00e1trica y Gerontolog\u00eda<\/li><li>Seguridad Social<\/li><li>Medicina del Trabajo<\/li><li>Problemas \u00c9ticos Legales<\/li><li>Comunicaci\u00f3n y Relaciones Humanas<\/li><li>Lengua extranjera Ingl\u00e9s I<\/li><li>Pr\u00e1cticas Cl\u00ednicas IV<\/li><li>Enfermer\u00eda M\u00e9dico Quir\u00fargica<\/li><\/ol><p><strong>SEXTO SEMESTRE<\/strong><\/p><ol><li>Psicopatolog\u00eda<\/li><li>Enfermer\u00eda Psiqui\u00e1trica<\/li><li>Administraci\u00f3n de los Servicios de Enfermer\u00eda<\/li><li>Sociolog\u00eda y Problemas Sociales<\/li><li>Bases Documentales para el Servicio Social<\/li><li>Lengua Extranjera Ingl\u00e9s II<\/li><li>Pr\u00e1cticas Cl\u00ednicas V<\/li><li>Enfermer\u00eda Sanitaria<\/li><li>Contenido de la pesta\u00f1a<\/li><\/ol><\/div>\n\t\t\t\t\t\t\t\t\t<div class=\"elementor-tab-title elementor-tab-mobile-title\" aria-selected=\"false\" data-tab=\"3\" role=\"tab\" tabindex=\"-1\" aria-controls=\"elementor-tab-content-2373\" aria-expanded=\"false\">Perfil de Egreso<\/div>\n\t\t\t\t\t<div id=\"elementor-tab-content-2373\" class=\"elementor-tab-content elementor-clearfix\" data-tab=\"3\" role=\"tabpanel\" aria-labelledby=\"elementor-tab-title-2373\" tabindex=\"0\" hidden=\"hidden\">Lorem ipsum dolor sit amet, consectetur adipiscing elit. Ut elit tellus, luctus nec ullamcorper mattis, pulvinar dapibus leo.<\/div>\n\t\t\t\t\t\t\t\t\t<div class=\"elementor-tab-title elementor-tab-mobile-title\" aria-selected=\"false\" data-tab=\"4\" role=\"tab\" tabindex=\"-1\" aria-controls=\"elementor-tab-content-2374\" aria-expanded=\"false\">Campo laboral<\/div>\n\t\t\t\t\t<div id=\"elementor-tab-content-2374\" class=\"elementor-tab-content elementor-clearfix\" data-tab=\"4\" role=\"tabpanel\" aria-labelledby=\"elementor-tab-title-2374\" tabindex=\"0\" hidden=\"hidden\">Contenido de la pesta\u00f1a<\/div>\n\t\t\t\t\t\t\t<\/div>\n\t\t<\/div>\n\t\t\t\t<\/div>\n\t\t\t\t<\/div>\n\t\t\t\t\t<\/div>\n\t\t<\/div>\n\t\t\t\t<div class=\"elementor-column elementor-col-50 elementor-inner-column elementor-element elementor-element-521304c\" data-id=\"521304c\" data-element_type=\"column\">\n\t\t\t<div class=\"elementor-widget-wrap elementor-element-populated\">\n\t\t\t\t\t\t\t\t<div class=\"elementor-element elementor-element-4f8a252 elementor-widget elementor-widget-image\" data-id=\"4f8a252\" data-element_type=\"widget\" data-widget_type=\"image.default\">\n\t\t\t\t<div class=\"elementor-widget-container\">\n\t\t\t\t\t\t\t\t\t\t\t\t\t\t\t<img loading=\"lazy\" decoding=\"async\" width=\"847\" height=\"845\" src=\"https:\/\/ucemtepic.edu.mx\/wp-content\/uploads\/2021\/04\/Programas-acade\u0301micos-02-3-1024x1022.jpg\" class=\"attachment-large size-large\" alt=\"\" srcset=\"https:\/\/ucemtepic.edu.mx\/wp-content\/uploads\/2021\/04\/Programas-acade\u0301micos-02-3-1024x1022.jpg 1024w, https:\/\/ucemtepic.edu.mx\/wp-content\/uploads\/2021\/04\/Programas-acade\u0301micos-02-3-300x300.jpg 300w, https:\/\/ucemtepic.edu.mx\/wp-content\/uploads\/2021\/04\/Programas-acade\u0301micos-02-3-150x150.jpg 150w, https:\/\/ucemtepic.edu.mx\/wp-content\/uploads\/2021\/04\/Programas-acade\u0301micos-02-3-768x767.jpg 768w, https:\/\/ucemtepic.edu.mx\/wp-content\/uploads\/2021\/04\/Programas-acade\u0301micos-02-3-270x270.jpg 270w, https:\/\/ucemtepic.edu.mx\/wp-content\/uploads\/2021\/04\/Programas-acade\u0301micos-02-3.jpg 1200w\" sizes=\"auto, (max-width: 847px) 100vw, 847px\" \/>\t\t\t\t\t\t\t\t\t\t\t\t\t\t\t<\/div>\n\t\t\t\t<\/div>\n\t\t\t\t\t<\/div>\n\t\t<\/div>\n\t\t\t\t\t\t\t<\/div>\n\t\t<\/section>\n\t\t\t\t\t<\/div>\n\t\t<\/div>\n\t\t\t\t\t\t\t<\/div>\n\t\t<\/section>\n\t\t\t\t<section class=\"elementor-section elementor-top-section elementor-element elementor-element-709a8a4 elementor-section-boxed elementor-section-height-default elementor-section-height-default\" data-id=\"709a8a4\" data-element_type=\"section\">\n\t\t\t\t\t\t<div class=\"elementor-container elementor-column-gap-default\">\n\t\t\t\t\t<div class=\"elementor-column elementor-col-100 elementor-top-column elementor-element elementor-element-934388e\" data-id=\"934388e\" data-element_type=\"column\">\n\t\t\t<div class=\"elementor-widget-wrap elementor-element-populated\">\n\t\t\t\t\t\t\t\t<div class=\"elementor-element elementor-element-a005988 elementor-widget elementor-widget-spacer\" data-id=\"a005988\" data-element_type=\"widget\" data-widget_type=\"spacer.default\">\n\t\t\t\t<div class=\"elementor-widget-container\">\n\t\t\t\t\t<div class=\"elementor-spacer\">\n\t\t\t<div class=\"elementor-spacer-inner\"><\/div>\n\t\t<\/div>\n\t\t\t\t<\/div>\n\t\t\t\t<\/div>\n\t\t\t\t\t<\/div>\n\t\t<\/div>\n\t\t\t\t\t\t\t<\/div>\n\t\t<\/section>\n\t\t\t\t<section class=\"elementor-section elementor-top-section elementor-element elementor-element-3e0cd61 elementor-section-boxed elementor-section-height-default elementor-section-height-default\" data-id=\"3e0cd61\" data-element_type=\"section\">\n\t\t\t\t\t\t<div class=\"elementor-container elementor-column-gap-default\">\n\t\t\t\t\t<div class=\"elementor-column elementor-col-100 elementor-top-column elementor-element elementor-element-ff5c8ac\" data-id=\"ff5c8ac\" data-element_type=\"column\">\n\t\t\t<div class=\"elementor-widget-wrap elementor-element-populated\">\n\t\t\t\t\t\t\t\t<div class=\"elementor-element elementor-element-e7302a4 elementor-align-justify elementor-widget elementor-widget-button\" data-id=\"e7302a4\" data-element_type=\"widget\" data-widget_type=\"button.default\">\n\t\t\t\t<div class=\"elementor-widget-container\">\n\t\t\t\t\t<div class=\"elementor-button-wrapper\">\n\t\t\t<a href=\"#\" class=\"elementor-button-link elementor-button elementor-size-sm\" role=\"button\">\n\t\t\t\t\t\t<span class=\"elementor-button-content-wrapper\">\n\t\t\t\t\t\t<span class=\"elementor-button-text\">\u00bfTe interesa estudiar esta carrera en la UCEM?<\/span>\n\t\t<\/span>\n\t\t\t\t\t<\/a>\n\t\t<\/div>\n\t\t\t\t<\/div>\n\t\t\t\t<\/div>\n\t\t\t\t\t<\/div>\n\t\t<\/div>\n\t\t\t\t\t\t\t<\/div>\n\t\t<\/section>\n\t\t\t\t\t\t<\/div>\n\t\t\t\t\t<\/div>\n\t\t","protected":false},"excerpt":{"rendered":"<p>Enfermer\u00eda General El T\u00e9cnico en Enfermer\u00eda es un t\u00e9cnico de nivel medio-superior capacitadopara integrarse a equipos de salud, colaborando con los profesionales del\u00e1rea en la ejecuci\u00f3n de procedimientos b\u00e1sicos de enfermer\u00eda y en la atenci\u00f3nhumanitaria del individuo, la familia y <a href=\"https:\/\/ucemtepic.edu.mx\/index.php\/enfermeria-general-3\/\" class=\"read-more\">Leer m\u00e1s&#8230;<\/a><\/p>\n","protected":false},"author":1,"featured_media":0,"parent":0,"menu_order":0,"comment_status":"closed","ping_status":"closed","template":"","meta":{"footnotes":""},"class_list":["post-462","page","type-page","status-publish","hentry"],"_links":{"self":[{"href":"https:\/\/ucemtepic.edu.mx\/index.php\/wp-json\/wp\/v2\/pages\/462","targetHints":{"allow":["GET"]}}],"collection":[{"href":"https:\/\/ucemtepic.edu.mx\/index.php\/wp-json\/wp\/v2\/pages"}],"about":[{"href":"https:\/\/ucemtepic.edu.mx\/index.php\/wp-json\/wp\/v2\/types\/page"}],"author":[{"embeddable":true,"href":"https:\/\/ucemtepic.edu.mx\/index.php\/wp-json\/wp\/v2\/users\/1"}],"replies":[{"embeddable":true,"href":"https:\/\/ucemtepic.edu.mx\/index.php\/wp-json\/wp\/v2\/comments?post=462"}],"version-history":[{"count":24,"href":"https:\/\/ucemtepic.edu.mx\/index.php\/wp-json\/wp\/v2\/pages\/462\/revisions"}],"predecessor-version":[{"id":1533,"href":"https:\/\/ucemtepic.edu.mx\/index.php\/wp-json\/wp\/v2\/pages\/462\/revisions\/1533"}],"wp:attachment":[{"href":"https:\/\/ucemtepic.edu.mx\/index.php\/wp-json\/wp\/v2\/media?parent=462"}],"curies":[{"name":"wp","href":"https:\/\/api.w.org\/{rel}","templated":true}]}}